{"id":7296,"date":"2025-05-29T04:58:55","date_gmt":"2025-05-29T04:58:55","guid":{"rendered":"https:\/\/myautoprestige.fr\/?post_type=product&#038;p=7296"},"modified":"2025-06-26T13:21:01","modified_gmt":"2025-06-26T13:21:01","slug":"camion-mercedes-frigo-carrier-multi-temperature-actros-1830-4x2","status":"publish","type":"product","link":"https:\/\/myautoprestige.fr\/index.php\/produit\/camion-mercedes-frigo-carrier-multi-temperature-actros-1830-4x2\/","title":{"rendered":"Camion Mercedes frigo Carrier multi temp\u00e9rature Actros 1830 4&#215;2"},"content":{"rendered":"<p><strong>Equipement cabine<\/strong><br \/>\n<strong>Climatisation<\/strong><br \/>\n<strong>Fermeture centralis\u00e9e<\/strong><br \/>\n<strong>Frigo<\/strong><br \/>\n<strong>GPS<\/strong><br \/>\n<strong>Ordinateur de bord<\/strong><br \/>\n<strong>R\u00e9troviseurs \u00e9lectriques<\/strong><br \/>\n<strong>R\u00e9troviseurs \u00e9lectriques chauffants<\/strong><br \/>\n<strong>Si\u00e8ge \u00e0 suspension<\/strong><br \/>\n<strong>T\u00e9l\u00e9phone<\/strong><br \/>\n<strong>Toit ouvrant<\/strong><\/p>\n<p><strong>Infos cabine Actros<\/strong><br \/>\n<strong>Longueur cabine\u00a0 \u00a0Courte<\/strong><br \/>\n<strong>Type cabine\u00a0 \u00a0Basculable<\/strong><br \/>\n<strong>Dimensions<\/strong><br \/>\n<strong>Empattement\u00a0 \u00a06.4 m\u00e8tres<\/strong><br \/>\n<strong>Dimensions de la caisse<\/strong><br \/>\n<strong>Largeur de la caisse\u00a0 \u00a02 m\u00e8tres<\/strong><br \/>\n<strong>Longueur de la caisse\u00a0 \u00a08 m\u00e8tres<\/strong><\/p>\n<p><strong>BOITE AUTO<\/strong><\/p>\n<p><strong>CLIM, CHAUFFAGE, RADIO BLUETOOTH<\/strong><br \/>\n<strong>CAISSE LECAPITAINE MULTI-TEMPERATURE<\/strong><br \/>\n<strong>PORTE LATERAL<\/strong><br \/>\n<strong>PORTE AR 2 VANTAUX<\/strong><br \/>\n<strong>CLOISON<\/strong><\/p>\n<p><strong>LONGUEUR INTERIEUR UTILE : 8m70<\/strong><\/p>\n<p><strong>LARGEUR INTERIEUR UTILE : 2m45<\/strong><br \/>\n<strong>HAUTEUR DE PASSAGE : 2m50<\/strong><br \/>\n<strong>PNEUMATIQUE : 315\/70R22,5<\/strong><br \/>\n<strong>Pr\u00eat pour la livraison<\/strong><br \/>\n<strong>Nous recommandons toujours \u00e0 nos clients d&rsquo;inspecter \u00e9quipements et machines d&rsquo;occasion \u00e0 la livraison.<\/strong><br \/>\n<strong>Nos machines, camions, bus et \u00e9quipements ne sont pas vendus avec un rapport d&rsquo;\u00e9tat. Dans le texte de l&rsquo;annonce, nous fournirons des informations sur toutes les informations dont nous disposons \u00e0 tout moment, mais n&rsquo;h\u00e9sitez pas \u00e0 nous contacter pour des informations suppl\u00e9mentaires.<\/strong><br \/>\n<strong>En principe, nous n&rsquo;acceptons pas les \u00e9changes.<\/strong><br \/>\n<strong>Vous recherchez d&rsquo;autres \u00e9quipements ?<\/strong><br \/>\n<strong>Nous pouvons vous aider \u00e0 trouver des pelles sur chenilles d&rsquo;occasion, des mini-pelles d&rsquo;occasion, des chargeuses sur pneus d&rsquo;occasion, des compacteurs monocylindres d&rsquo;occasion, des nacelles t\u00e9lescopiques d&rsquo;occasion, des nacelles articul\u00e9es d&rsquo;occasion, des nacelles \u00e0 ciseaux d&rsquo;occasion, des chariots \u00e9l\u00e9vateurs t\u00e9lescopiques d&rsquo;occasion, des concasseurs d&rsquo;occasion, des cribleurs d&rsquo;occasion et bien plus encore. Notre stock comprend des marques leaders telles que : Caterpillar, Komatsu, Liebherr, Hitachi, Volvo, Case, Doosan, Bomag, Hamm, Dynapac, Manitou, Wirtgen et bien plus encore !<\/strong><br \/>\n<strong>Nous nous occupons de tout. Il n&rsquo;y aura pas de suppl\u00e9ment de frais, car tout est compris dans le montant de la voiture (lire nos conditions G\u00e9n\u00e9rales de ventes). Nous livrons dans tous les pays de l&rsquo;Union europ\u00e9enne ainsi que les Outre-mer. Nous sommes disponibles pour vous renseigner en esp\u00e9rant, vous compter parmi notre client\u00e8le.<\/strong><br \/>\n<strong>PS: SI VOUS VOULEZ UN V\u00c9HICULE PARTICULIER, NOUS POUVONS VOUS FAIRE UNE RECHERCHE PERSONNALIS\u00c8E<\/strong><\/p>\n","protected":false},"excerpt":{"rendered":"<p>Carrosserie\u00a0 \u00a0Frigo<br \/>\nMarque (carrosserie)\u00a0 \u00a0Carrier<br \/>\nSous carrosserie\u00a0 Multi temp\u00e9rature<br \/>\nMarque\u00a0 \u00a0Mercedes<br \/>\nGamme (marque : Mercedes)\u00a0 \u00a0Actros<br \/>\nMod\u00e8le\u00a0 \u00a01830<br \/>\nEtat\u00a0 \u00a0Occasion<br \/>\nDate de 1ere immatriculation\u00a0 \u00a0 26\/04\/2021<br \/>\nKilom\u00e8tres au compteur\u00a0 \u00a094 034 km<br \/>\nPays\u00a0 \u00a0FRANCE<\/p>\n","protected":false},"featured_media":7297,"comment_status":"open","ping_status":"closed","template":"","meta":[],"product_brand":[],"product_cat":[21],"product_tag":[],"class_list":{"0":"post-7296","1":"product","2":"type-product","3":"status-publish","4":"has-post-thumbnail","6":"product_cat-accessories","8":"first","9":"instock","10":"shipping-taxable","11":"purchasable","12":"product-type-simple"},"yoast_head":"<!-- This site is optimized with the Yoast SEO plugin v25.1 - https:\/\/yoast.com\/wordpress\/plugins\/seo\/ -->\n<title>Camion Mercedes frigo Carrier multi temp\u00e9rature Actros 1830 4x2 - Top Of The World<\/title>\n<meta name=\"robots\" content=\"index, follow, max-snippet:-1, max-image-preview:large, max-video-preview:-1\" \/>\n<link rel=\"canonical\" href=\"https:\/\/myautoprestige.fr\/index.php\/produit\/camion-mercedes-frigo-carrier-multi-temperature-actros-1830-4x2\/\" \/>\n<meta property=\"og:locale\" content=\"fr_FR\" \/>\n<meta property=\"og:type\" content=\"article\" \/>\n<meta property=\"og:title\" content=\"Camion Mercedes frigo Carrier multi temp\u00e9rature Actros 1830 4x2 - Top Of The World\" \/>\n<meta property=\"og:description\" content=\"Carrosserie\u00a0 \u00a0Frigo Marque (carrosserie)\u00a0 \u00a0Carrier Sous carrosserie\u00a0 Multi temp\u00e9rature Marque\u00a0 \u00a0Mercedes Gamme (marque : Mercedes)\u00a0 \u00a0Actros Mod\u00e8le\u00a0 \u00a01830 Etat\u00a0 \u00a0Occasion Date de 1ere immatriculation\u00a0 \u00a0 26\/04\/2021 Kilom\u00e8tres au compteur\u00a0 \u00a094 034 km Pays\u00a0 \u00a0FRANCE\" \/>\n<meta property=\"og:url\" content=\"https:\/\/myautoprestige.fr\/index.php\/produit\/camion-mercedes-frigo-carrier-multi-temperature-actros-1830-4x2\/\" \/>\n<meta property=\"og:site_name\" content=\"Top Of The World\" \/>\n<meta property=\"article:modified_time\" content=\"2025-06-26T13:21:01+00:00\" \/>\n<meta property=\"og:image\" content=\"https:\/\/myautoprestige.fr\/wp-content\/uploads\/2025\/05\/Camion-Mercedes-frigo-Carrier-multi-temperature-Actros-1830-4x2-1.webp\" \/>\n\t<meta property=\"og:image:width\" content=\"768\" \/>\n\t<meta property=\"og:image:height\" content=\"1024\" \/>\n\t<meta property=\"og:image:type\" content=\"image\/webp\" \/>\n<meta name=\"twitter:card\" content=\"summary_large_image\" \/>\n<meta name=\"twitter:label1\" content=\"Dur\u00e9e de lecture estim\u00e9e\" \/>\n\t<meta name=\"twitter:data1\" content=\"2 minutes\" \/>\n<script type=\"application\/ld+json\" class=\"yoast-schema-graph\">{\"@context\":\"https:\/\/schema.org\",\"@graph\":[{\"@type\":\"WebPage\",\"@id\":\"https:\/\/myautoprestige.fr\/index.php\/produit\/camion-mercedes-frigo-carrier-multi-temperature-actros-1830-4x2\/\",\"url\":\"https:\/\/myautoprestige.fr\/index.php\/produit\/camion-mercedes-frigo-carrier-multi-temperature-actros-1830-4x2\/\",\"name\":\"Camion Mercedes frigo Carrier multi temp\u00e9rature Actros 1830 4x2 - Top Of The World\",\"isPartOf\":{\"@id\":\"https:\/\/myautoprestige.fr\/#website\"},\"primaryImageOfPage\":{\"@id\":\"https:\/\/myautoprestige.fr\/index.php\/produit\/camion-mercedes-frigo-carrier-multi-temperature-actros-1830-4x2\/#primaryimage\"},\"image\":{\"@id\":\"https:\/\/myautoprestige.fr\/index.php\/produit\/camion-mercedes-frigo-carrier-multi-temperature-actros-1830-4x2\/#primaryimage\"},\"thumbnailUrl\":\"https:\/\/myautoprestige.fr\/wp-content\/uploads\/2025\/05\/Camion-Mercedes-frigo-Carrier-multi-temperature-Actros-1830-4x2-1.webp\",\"datePublished\":\"2025-05-29T04:58:55+00:00\",\"dateModified\":\"2025-06-26T13:21:01+00:00\",\"breadcrumb\":{\"@id\":\"https:\/\/myautoprestige.fr\/index.php\/produit\/camion-mercedes-frigo-carrier-multi-temperature-actros-1830-4x2\/#breadcrumb\"},\"inLanguage\":\"fr-FR\",\"potentialAction\":[{\"@type\":\"ReadAction\",\"target\":[\"https:\/\/myautoprestige.fr\/index.php\/produit\/camion-mercedes-frigo-carrier-multi-temperature-actros-1830-4x2\/\"]}]},{\"@type\":\"ImageObject\",\"inLanguage\":\"fr-FR\",\"@id\":\"https:\/\/myautoprestige.fr\/index.php\/produit\/camion-mercedes-frigo-carrier-multi-temperature-actros-1830-4x2\/#primaryimage\",\"url\":\"https:\/\/myautoprestige.fr\/wp-content\/uploads\/2025\/05\/Camion-Mercedes-frigo-Carrier-multi-temperature-Actros-1830-4x2-1.webp\",\"contentUrl\":\"https:\/\/myautoprestige.fr\/wp-content\/uploads\/2025\/05\/Camion-Mercedes-frigo-Carrier-multi-temperature-Actros-1830-4x2-1.webp\",\"width\":768,\"height\":1024},{\"@type\":\"BreadcrumbList\",\"@id\":\"https:\/\/myautoprestige.fr\/index.php\/produit\/camion-mercedes-frigo-carrier-multi-temperature-actros-1830-4x2\/#breadcrumb\",\"itemListElement\":[{\"@type\":\"ListItem\",\"position\":1,\"name\":\"Accueil\",\"item\":\"https:\/\/myautoprestige.fr\/\"},{\"@type\":\"ListItem\",\"position\":2,\"name\":\"Boutique\",\"item\":\"https:\/\/myautoprestige.fr\/index.php\/boutique\/\"},{\"@type\":\"ListItem\",\"position\":3,\"name\":\"Camion Mercedes frigo Carrier multi temp\u00e9rature Actros 1830 4&#215;2\"}]},{\"@type\":\"WebSite\",\"@id\":\"https:\/\/myautoprestige.fr\/#website\",\"url\":\"https:\/\/myautoprestige.fr\/\",\"name\":\"Top Of The World\",\"description\":\"\",\"potentialAction\":[{\"@type\":\"SearchAction\",\"target\":{\"@type\":\"EntryPoint\",\"urlTemplate\":\"https:\/\/myautoprestige.fr\/?s={search_term_string}\"},\"query-input\":{\"@type\":\"PropertyValueSpecification\",\"valueRequired\":true,\"valueName\":\"search_term_string\"}}],\"inLanguage\":\"fr-FR\"}]}<\/script>\n<!-- \/ Yoast SEO plugin. -->","yoast_head_json":{"title":"Camion Mercedes frigo Carrier multi temp\u00e9rature Actros 1830 4x2 - Top Of The World","robots":{"index":"index","follow":"follow","max-snippet":"max-snippet:-1","max-image-preview":"max-image-preview:large","max-video-preview":"max-video-preview:-1"},"canonical":"https:\/\/myautoprestige.fr\/index.php\/produit\/camion-mercedes-frigo-carrier-multi-temperature-actros-1830-4x2\/","og_locale":"fr_FR","og_type":"article","og_title":"Camion Mercedes frigo Carrier multi temp\u00e9rature Actros 1830 4x2 - Top Of The World","og_description":"Carrosserie\u00a0 \u00a0Frigo Marque (carrosserie)\u00a0 \u00a0Carrier Sous carrosserie\u00a0 Multi temp\u00e9rature Marque\u00a0 \u00a0Mercedes Gamme (marque : Mercedes)\u00a0 \u00a0Actros Mod\u00e8le\u00a0 \u00a01830 Etat\u00a0 \u00a0Occasion Date de 1ere immatriculation\u00a0 \u00a0 26\/04\/2021 Kilom\u00e8tres au compteur\u00a0 \u00a094 034 km Pays\u00a0 \u00a0FRANCE","og_url":"https:\/\/myautoprestige.fr\/index.php\/produit\/camion-mercedes-frigo-carrier-multi-temperature-actros-1830-4x2\/","og_site_name":"Top Of The World","article_modified_time":"2025-06-26T13:21:01+00:00","og_image":[{"width":768,"height":1024,"url":"https:\/\/myautoprestige.fr\/wp-content\/uploads\/2025\/05\/Camion-Mercedes-frigo-Carrier-multi-temperature-Actros-1830-4x2-1.webp","type":"image\/webp"}],"twitter_card":"summary_large_image","twitter_misc":{"Dur\u00e9e de lecture estim\u00e9e":"2 minutes"},"schema":{"@context":"https:\/\/schema.org","@graph":[{"@type":"WebPage","@id":"https:\/\/myautoprestige.fr\/index.php\/produit\/camion-mercedes-frigo-carrier-multi-temperature-actros-1830-4x2\/","url":"https:\/\/myautoprestige.fr\/index.php\/produit\/camion-mercedes-frigo-carrier-multi-temperature-actros-1830-4x2\/","name":"Camion Mercedes frigo Carrier multi temp\u00e9rature Actros 1830 4x2 - Top Of The World","isPartOf":{"@id":"https:\/\/myautoprestige.fr\/#website"},"primaryImageOfPage":{"@id":"https:\/\/myautoprestige.fr\/index.php\/produit\/camion-mercedes-frigo-carrier-multi-temperature-actros-1830-4x2\/#primaryimage"},"image":{"@id":"https:\/\/myautoprestige.fr\/index.php\/produit\/camion-mercedes-frigo-carrier-multi-temperature-actros-1830-4x2\/#primaryimage"},"thumbnailUrl":"https:\/\/myautoprestige.fr\/wp-content\/uploads\/2025\/05\/Camion-Mercedes-frigo-Carrier-multi-temperature-Actros-1830-4x2-1.webp","datePublished":"2025-05-29T04:58:55+00:00","dateModified":"2025-06-26T13:21:01+00:00","breadcrumb":{"@id":"https:\/\/myautoprestige.fr\/index.php\/produit\/camion-mercedes-frigo-carrier-multi-temperature-actros-1830-4x2\/#breadcrumb"},"inLanguage":"fr-FR","potentialAction":[{"@type":"ReadAction","target":["https:\/\/myautoprestige.fr\/index.php\/produit\/camion-mercedes-frigo-carrier-multi-temperature-actros-1830-4x2\/"]}]},{"@type":"ImageObject","inLanguage":"fr-FR","@id":"https:\/\/myautoprestige.fr\/index.php\/produit\/camion-mercedes-frigo-carrier-multi-temperature-actros-1830-4x2\/#primaryimage","url":"https:\/\/myautoprestige.fr\/wp-content\/uploads\/2025\/05\/Camion-Mercedes-frigo-Carrier-multi-temperature-Actros-1830-4x2-1.webp","contentUrl":"https:\/\/myautoprestige.fr\/wp-content\/uploads\/2025\/05\/Camion-Mercedes-frigo-Carrier-multi-temperature-Actros-1830-4x2-1.webp","width":768,"height":1024},{"@type":"BreadcrumbList","@id":"https:\/\/myautoprestige.fr\/index.php\/produit\/camion-mercedes-frigo-carrier-multi-temperature-actros-1830-4x2\/#breadcrumb","itemListElement":[{"@type":"ListItem","position":1,"name":"Accueil","item":"https:\/\/myautoprestige.fr\/"},{"@type":"ListItem","position":2,"name":"Boutique","item":"https:\/\/myautoprestige.fr\/index.php\/boutique\/"},{"@type":"ListItem","position":3,"name":"Camion Mercedes frigo Carrier multi temp\u00e9rature Actros 1830 4&#215;2"}]},{"@type":"WebSite","@id":"https:\/\/myautoprestige.fr\/#website","url":"https:\/\/myautoprestige.fr\/","name":"Top Of The World","description":"","potentialAction":[{"@type":"SearchAction","target":{"@type":"EntryPoint","urlTemplate":"https:\/\/myautoprestige.fr\/?s={search_term_string}"},"query-input":{"@type":"PropertyValueSpecification","valueRequired":true,"valueName":"search_term_string"}}],"inLanguage":"fr-FR"}]}},"_links":{"self":[{"href":"https:\/\/myautoprestige.fr\/index.php\/wp-json\/wp\/v2\/product\/7296","targetHints":{"allow":["GET"]}}],"collection":[{"href":"https:\/\/myautoprestige.fr\/index.php\/wp-json\/wp\/v2\/product"}],"about":[{"href":"https:\/\/myautoprestige.fr\/index.php\/wp-json\/wp\/v2\/types\/product"}],"replies":[{"embeddable":true,"href":"https:\/\/myautoprestige.fr\/index.php\/wp-json\/wp\/v2\/comments?post=7296"}],"wp:featuredmedia":[{"embeddable":true,"href":"https:\/\/myautoprestige.fr\/index.php\/wp-json\/wp\/v2\/media\/7297"}],"wp:attachment":[{"href":"https:\/\/myautoprestige.fr\/index.php\/wp-json\/wp\/v2\/media?parent=7296"}],"wp:term":[{"taxonomy":"product_brand","embeddable":true,"href":"https:\/\/myautoprestige.fr\/index.php\/wp-json\/wp\/v2\/product_brand?post=7296"},{"taxonomy":"product_cat","embeddable":true,"href":"https:\/\/myautoprestige.fr\/index.php\/wp-json\/wp\/v2\/product_cat?post=7296"},{"taxonomy":"product_tag","embeddable":true,"href":"https:\/\/myautoprestige.fr\/index.php\/wp-json\/wp\/v2\/product_tag?post=7296"}],"curies":[{"name":"wp","href":"https:\/\/api.w.org\/{rel}","templated":true}]}}