{"id":7119,"date":"2025-05-23T13:42:35","date_gmt":"2025-05-23T13:42:35","guid":{"rendered":"https:\/\/myautoprestige.fr\/?page_id=7119"},"modified":"2025-05-23T13:46:05","modified_gmt":"2025-05-23T13:46:05","slug":"les-services-logistiques","status":"publish","type":"page","link":"https:\/\/myautoprestige.fr\/index.php\/les-services-logistiques\/","title":{"rendered":"Les services logistiques"},"content":{"rendered":"<p><img loading=\"lazy\" decoding=\"async\" class=\"aligncenter size-full wp-image-7120\" src=\"https:\/\/myautoprestige.fr\/wp-content\/uploads\/2025\/05\/logic-1.jpg\" alt=\"\" width=\"778\" height=\"516\" srcset=\"https:\/\/myautoprestige.fr\/wp-content\/uploads\/2025\/05\/logic-1.jpg 778w, https:\/\/myautoprestige.fr\/wp-content\/uploads\/2025\/05\/logic-1-430x285.jpg 430w, https:\/\/myautoprestige.fr\/wp-content\/uploads\/2025\/05\/logic-1-150x99.jpg 150w, https:\/\/myautoprestige.fr\/wp-content\/uploads\/2025\/05\/logic-1-700x464.jpg 700w, https:\/\/myautoprestige.fr\/wp-content\/uploads\/2025\/05\/logic-1-400x265.jpg 400w, https:\/\/myautoprestige.fr\/wp-content\/uploads\/2025\/05\/logic-1-768x509.jpg 768w\" sizes=\"auto, (max-width: 778px) 100vw, 778px\" \/><\/p>\n<h2>Prestations de stockage et de pr\u00e9paration \u00e0 la route<\/h2>\n<h5><img \/>Au-del\u00e0 du transport, nous avons fait le choix de proposer des\u00a0<strong>services logistiques<\/strong>\u00a0pour garantir \u00e0 notre client\u00e8le une continuit\u00e9 de services. Gr\u00e2ce \u00e0 des infrastructures bien \u00e9quip\u00e9es, nous pouvons \u00e9galement assurer la\u00a0pr\u00e9paration \u00e0 la route\u00a0et le\u00a0<u>stockage de tout type de v\u00e9hicule<\/u>.<\/h5>\n<p><img loading=\"lazy\" decoding=\"async\" class=\"alignleft size-full wp-image-7122\" src=\"https:\/\/myautoprestige.fr\/wp-content\/uploads\/2025\/05\/metropole.png\" alt=\"\" width=\"297\" height=\"300\" srcset=\"https:\/\/myautoprestige.fr\/wp-content\/uploads\/2025\/05\/metropole.png 297w, https:\/\/myautoprestige.fr\/wp-content\/uploads\/2025\/05\/metropole-150x152.png 150w\" sizes=\"auto, (max-width: 297px) 100vw, 297px\" \/><\/p>\n<p>&nbsp;<\/p>\n<p>&nbsp;<\/p>\n<p>&nbsp;<\/p>\n<p>&nbsp;<\/p>\n<p>&nbsp;<\/p>\n<p>&nbsp;<\/p>\n<p>&nbsp;<\/p>\n<p>&nbsp;<\/p>\n<h5>En effet, nous poss\u00e9dons une\u00a0<strong>importante capacit\u00e9 de stockage et d&rsquo;entreposage de v\u00e9hicules automobiles<\/strong>. Plus de 200 emplacements r\u00e9partis sur nos 3 plateformes logistiques, sont mis \u00e0 la disposition de nos clients constructeurs automobiles, groupes industriels, \u00e9quipementiers, concessionnaires, loueurs, garages ind\u00e9pendants, etc&#8230;<\/h5>\n<p><img loading=\"lazy\" decoding=\"async\" class=\"aligncenter size-full wp-image-7124\" src=\"https:\/\/myautoprestige.fr\/wp-content\/uploads\/2025\/05\/logic-2.jpg\" alt=\"\" width=\"1024\" height=\"642\" srcset=\"https:\/\/myautoprestige.fr\/wp-content\/uploads\/2025\/05\/logic-2.jpg 1024w, https:\/\/myautoprestige.fr\/wp-content\/uploads\/2025\/05\/logic-2-430x270.jpg 430w, https:\/\/myautoprestige.fr\/wp-content\/uploads\/2025\/05\/logic-2-150x94.jpg 150w, https:\/\/myautoprestige.fr\/wp-content\/uploads\/2025\/05\/logic-2-700x439.jpg 700w, https:\/\/myautoprestige.fr\/wp-content\/uploads\/2025\/05\/logic-2-400x251.jpg 400w, https:\/\/myautoprestige.fr\/wp-content\/uploads\/2025\/05\/logic-2-768x482.jpg 768w, https:\/\/myautoprestige.fr\/wp-content\/uploads\/2025\/05\/logic-2-860x539.jpg 860w\" sizes=\"auto, (max-width: 1024px) 100vw, 1024px\" \/><\/p>\n<h5>Nous proposons des services de\u00a0<strong>pr\u00e9paration \u00e0 la route<\/strong>\u00a0et de\u00a0<strong>stockage<\/strong>\u00a0en nous appuyant sur nos plateformes techniques, \u00e9quip\u00e9es de mat\u00e9riels de pointe et g\u00e9r\u00e9es par nos \u00e9quipes form\u00e9es et exp\u00e9riment\u00e9es.<\/h5>\n<h5>Ainsi nous pouvons assurer des prestations de qualit\u00e9 telles que : r\u00e9ception, v\u00e9rification de concordance de N\u00b0 de ch\u00e2ssis, contr\u00f4le de l&rsquo;\u00e9tat int\u00e9rieur et ext\u00e9rieur, stockage, lavage, t\u00f4lerie, peinture, etc.<\/h5>\n<h5>Besoin d\u2019un devis ou d\u2019un conseil ?\u00a0<a href=\"https:\/\/myautoprestige.fr\/index.php\/contactez-nous\/\"><u>Contactez-nous<\/u><\/a>.<\/h5>\n","protected":false},"excerpt":{"rendered":"<p>Prestations de stockage et de pr\u00e9paration \u00e0 la route Au-del\u00e0 du transport, nous avons fait le choix de proposer des\u00a0services<\/p>\n","protected":false},"author":1,"featured_media":0,"parent":0,"menu_order":0,"comment_status":"closed","ping_status":"closed","template":"","meta":{"footnotes":""},"class_list":["post-7119","page","type-page","status-publish","hentry"],"yoast_head":"<!-- This site is optimized with the Yoast SEO plugin v25.1 - https:\/\/yoast.com\/wordpress\/plugins\/seo\/ -->\n<title>Les services logistiques - Top Of The World<\/title>\n<meta name=\"robots\" content=\"index, follow, max-snippet:-1, max-image-preview:large, max-video-preview:-1\" \/>\n<link rel=\"canonical\" href=\"https:\/\/myautoprestige.fr\/index.php\/les-services-logistiques\/\" \/>\n<meta property=\"og:locale\" content=\"fr_FR\" \/>\n<meta property=\"og:type\" content=\"article\" \/>\n<meta property=\"og:title\" content=\"Les services logistiques - Top Of The World\" \/>\n<meta property=\"og:description\" content=\"Prestations de stockage et de pr\u00e9paration \u00e0 la route Au-del\u00e0 du transport, nous avons fait le choix de proposer des\u00a0services\" \/>\n<meta property=\"og:url\" content=\"https:\/\/myautoprestige.fr\/index.php\/les-services-logistiques\/\" \/>\n<meta property=\"og:site_name\" content=\"Top Of The World\" \/>\n<meta property=\"article:modified_time\" content=\"2025-05-23T13:46:05+00:00\" \/>\n<meta property=\"og:image\" content=\"https:\/\/myautoprestige.fr\/wp-content\/uploads\/2025\/05\/logic-1.jpg\" \/>\n\t<meta property=\"og:image:width\" content=\"778\" \/>\n\t<meta property=\"og:image:height\" content=\"516\" \/>\n\t<meta property=\"og:image:type\" content=\"image\/jpeg\" \/>\n<meta name=\"twitter:card\" content=\"summary_large_image\" \/>\n<meta name=\"twitter:label1\" content=\"Dur\u00e9e de lecture estim\u00e9e\" \/>\n\t<meta name=\"twitter:data1\" content=\"2 minutes\" \/>\n<script type=\"application\/ld+json\" class=\"yoast-schema-graph\">{\"@context\":\"https:\/\/schema.org\",\"@graph\":[{\"@type\":\"WebPage\",\"@id\":\"https:\/\/myautoprestige.fr\/index.php\/les-services-logistiques\/\",\"url\":\"https:\/\/myautoprestige.fr\/index.php\/les-services-logistiques\/\",\"name\":\"Les services logistiques - Top Of The World\",\"isPartOf\":{\"@id\":\"https:\/\/myautoprestige.fr\/#website\"},\"primaryImageOfPage\":{\"@id\":\"https:\/\/myautoprestige.fr\/index.php\/les-services-logistiques\/#primaryimage\"},\"image\":{\"@id\":\"https:\/\/myautoprestige.fr\/index.php\/les-services-logistiques\/#primaryimage\"},\"thumbnailUrl\":\"https:\/\/myautoprestige.fr\/wp-content\/uploads\/2025\/05\/logic-1.jpg\",\"datePublished\":\"2025-05-23T13:42:35+00:00\",\"dateModified\":\"2025-05-23T13:46:05+00:00\",\"breadcrumb\":{\"@id\":\"https:\/\/myautoprestige.fr\/index.php\/les-services-logistiques\/#breadcrumb\"},\"inLanguage\":\"fr-FR\",\"potentialAction\":[{\"@type\":\"ReadAction\",\"target\":[\"https:\/\/myautoprestige.fr\/index.php\/les-services-logistiques\/\"]}]},{\"@type\":\"ImageObject\",\"inLanguage\":\"fr-FR\",\"@id\":\"https:\/\/myautoprestige.fr\/index.php\/les-services-logistiques\/#primaryimage\",\"url\":\"https:\/\/myautoprestige.fr\/wp-content\/uploads\/2025\/05\/logic-1.jpg\",\"contentUrl\":\"https:\/\/myautoprestige.fr\/wp-content\/uploads\/2025\/05\/logic-1.jpg\",\"width\":778,\"height\":516},{\"@type\":\"BreadcrumbList\",\"@id\":\"https:\/\/myautoprestige.fr\/index.php\/les-services-logistiques\/#breadcrumb\",\"itemListElement\":[{\"@type\":\"ListItem\",\"position\":1,\"name\":\"Accueil\",\"item\":\"https:\/\/myautoprestige.fr\/\"},{\"@type\":\"ListItem\",\"position\":2,\"name\":\"Les services logistiques\"}]},{\"@type\":\"WebSite\",\"@id\":\"https:\/\/myautoprestige.fr\/#website\",\"url\":\"https:\/\/myautoprestige.fr\/\",\"name\":\"Top Of The World\",\"description\":\"\",\"potentialAction\":[{\"@type\":\"SearchAction\",\"target\":{\"@type\":\"EntryPoint\",\"urlTemplate\":\"https:\/\/myautoprestige.fr\/?s={search_term_string}\"},\"query-input\":{\"@type\":\"PropertyValueSpecification\",\"valueRequired\":true,\"valueName\":\"search_term_string\"}}],\"inLanguage\":\"fr-FR\"}]}<\/script>\n<!-- \/ Yoast SEO plugin. -->","yoast_head_json":{"title":"Les services logistiques - Top Of The World","robots":{"index":"index","follow":"follow","max-snippet":"max-snippet:-1","max-image-preview":"max-image-preview:large","max-video-preview":"max-video-preview:-1"},"canonical":"https:\/\/myautoprestige.fr\/index.php\/les-services-logistiques\/","og_locale":"fr_FR","og_type":"article","og_title":"Les services logistiques - Top Of The World","og_description":"Prestations de stockage et de pr\u00e9paration \u00e0 la route Au-del\u00e0 du transport, nous avons fait le choix de proposer des\u00a0services","og_url":"https:\/\/myautoprestige.fr\/index.php\/les-services-logistiques\/","og_site_name":"Top Of The World","article_modified_time":"2025-05-23T13:46:05+00:00","og_image":[{"width":778,"height":516,"url":"https:\/\/myautoprestige.fr\/wp-content\/uploads\/2025\/05\/logic-1.jpg","type":"image\/jpeg"}],"twitter_card":"summary_large_image","twitter_misc":{"Dur\u00e9e de lecture estim\u00e9e":"2 minutes"},"schema":{"@context":"https:\/\/schema.org","@graph":[{"@type":"WebPage","@id":"https:\/\/myautoprestige.fr\/index.php\/les-services-logistiques\/","url":"https:\/\/myautoprestige.fr\/index.php\/les-services-logistiques\/","name":"Les services logistiques - Top Of The World","isPartOf":{"@id":"https:\/\/myautoprestige.fr\/#website"},"primaryImageOfPage":{"@id":"https:\/\/myautoprestige.fr\/index.php\/les-services-logistiques\/#primaryimage"},"image":{"@id":"https:\/\/myautoprestige.fr\/index.php\/les-services-logistiques\/#primaryimage"},"thumbnailUrl":"https:\/\/myautoprestige.fr\/wp-content\/uploads\/2025\/05\/logic-1.jpg","datePublished":"2025-05-23T13:42:35+00:00","dateModified":"2025-05-23T13:46:05+00:00","breadcrumb":{"@id":"https:\/\/myautoprestige.fr\/index.php\/les-services-logistiques\/#breadcrumb"},"inLanguage":"fr-FR","potentialAction":[{"@type":"ReadAction","target":["https:\/\/myautoprestige.fr\/index.php\/les-services-logistiques\/"]}]},{"@type":"ImageObject","inLanguage":"fr-FR","@id":"https:\/\/myautoprestige.fr\/index.php\/les-services-logistiques\/#primaryimage","url":"https:\/\/myautoprestige.fr\/wp-content\/uploads\/2025\/05\/logic-1.jpg","contentUrl":"https:\/\/myautoprestige.fr\/wp-content\/uploads\/2025\/05\/logic-1.jpg","width":778,"height":516},{"@type":"BreadcrumbList","@id":"https:\/\/myautoprestige.fr\/index.php\/les-services-logistiques\/#breadcrumb","itemListElement":[{"@type":"ListItem","position":1,"name":"Accueil","item":"https:\/\/myautoprestige.fr\/"},{"@type":"ListItem","position":2,"name":"Les services logistiques"}]},{"@type":"WebSite","@id":"https:\/\/myautoprestige.fr\/#website","url":"https:\/\/myautoprestige.fr\/","name":"Top Of The World","description":"","potentialAction":[{"@type":"SearchAction","target":{"@type":"EntryPoint","urlTemplate":"https:\/\/myautoprestige.fr\/?s={search_term_string}"},"query-input":{"@type":"PropertyValueSpecification","valueRequired":true,"valueName":"search_term_string"}}],"inLanguage":"fr-FR"}]}},"_links":{"self":[{"href":"https:\/\/myautoprestige.fr\/index.php\/wp-json\/wp\/v2\/pages\/7119","targetHints":{"allow":["GET"]}}],"collection":[{"href":"https:\/\/myautoprestige.fr\/index.php\/wp-json\/wp\/v2\/pages"}],"about":[{"href":"https:\/\/myautoprestige.fr\/index.php\/wp-json\/wp\/v2\/types\/page"}],"author":[{"embeddable":true,"href":"https:\/\/myautoprestige.fr\/index.php\/wp-json\/wp\/v2\/users\/1"}],"replies":[{"embeddable":true,"href":"https:\/\/myautoprestige.fr\/index.php\/wp-json\/wp\/v2\/comments?post=7119"}],"version-history":[{"count":3,"href":"https:\/\/myautoprestige.fr\/index.php\/wp-json\/wp\/v2\/pages\/7119\/revisions"}],"predecessor-version":[{"id":7125,"href":"https:\/\/myautoprestige.fr\/index.php\/wp-json\/wp\/v2\/pages\/7119\/revisions\/7125"}],"wp:attachment":[{"href":"https:\/\/myautoprestige.fr\/index.php\/wp-json\/wp\/v2\/media?parent=7119"}],"curies":[{"name":"wp","href":"https:\/\/api.w.org\/{rel}","templated":true}]}}